e y(16).
-5
Let n(s) = 21*s**2 + 7*s - 22. Determine n(3).
188
Let x(i) = -9*i**2 - 187*i + 4. What is x(-20)?
144
Let w(d) = 2*d**3 + 25*d**2 - 414*d + 18. Calculate w(-22).
-70
Let u(i) = 10*i**2 + 415*i + 209. Give u(-41).
4
Let y(v) = 43*v - 34. What is y(-2)?
-120
Let i(o) = o**3 + 3*o**2 - o + 266. Determine i(-8).
-46
Let k(b) = 59*b + 2390. What is k(-36)?
266
Let x(o) = -2*o**2 + 18*o - 38. Calculate x(6).
-2
Let b(h) = 67*h - 726. Give b(11).
11
Let o(i) = -12*i**2 - 606*i - 415. Determine o(-50).
-115
Let x(f) = 2*f**2 + 69*f + 159. Give x(-32).
-1
Let s(o) = 214*o + 1759. Give s(-8).
47
Let f(g) = 84*g - 2347. Give f(28).
5
Let s(x) = x**2 + 46*x - 236. Determine s(-50).
-36
Let i(v) = -v**3 + 2*v**2 + 17*v - 2. Give i(5).
8
Let l(j) = -1207*j + 36214. Determine l(30).
4
Let z(o) = 51*o**2 + 17*o - 51. Determine z(-5).
1139
Let i(y) = -7*y**3 + 2*y**2 + 472*y - 944. What is i(2)?
-48
Let v(t) = t**3 + 24*t**2 - 31*t + 98. Determine v(-25).
248
Let p(c) = -c**3 - 12*c**2 + 1334*c - 16. What is p(31)?
15
Let b(z) = -344*z + 4446. Determine b(13).
-26
Let s(w) = 13*w**2 + 93*w - 19. Determine s(-8).
69
Let t(a) = 223*a**3 - 2*a**2 - 8*a - 6. What is t(-1)?
-223
Let x(q) = 4*q - 90. Calculate x(15).
-30
Let p(a) = -20*a + 49. What is p(8)?
-111
Let c(x) = 366*x + 5486. Determine c(-15).
-4
Let r(l) = -34*l + 1012. Give r(30).
-8
Let y(o) = 27*o - 179. Calculate y(11).
118
Let p(q) = -23*q**2 + 8. Determine p(-5).
-567
Let w(c) = -2*c**3 - 62*c**2 + 3*c + 18. Give w(-31).
-75
Let i(m) = -m**3 - 4*m**2 + 84*m + 344. Calculate i(-4).
8
Let a(m) = -2*m**3 + 13*m**2 - 36*m - 13. What is a(3)?
-58
Let n(d) = 41*d - 1491. Determine n(36).
-15
Let z(m) = 8*m - 104. Determine z(15).
16
Let q(n) = -n**3 + 33*n**2 - 33*n + 51. What is q(32)?
19
Let n(l) = l**2 - 64*l - 1551. What is n(-19)?
26
Let w(t) = 431*t + 112. Determine w(-1).
-319
Let w(f) = -192*f - 1456. Calculate w(-7).
-112
Let w(z) = -z**3 - 5*z**2 - 14*z - 95. What is w(-4)?
-55
Let t(w) = 81*w + 3643. Determine t(-45).
-2
Let d(n) = -8*n - 173. Calculate d(-16).
-45
Let k(n) = -n**3 + 31*n**2 - 31*n + 75. What is k(30)?
45
Let n(d) = 22*d - 74. Give n(3).
-8
Let m(p) = -188*p - 444. Determine m(-2).
-68
Let o(g) = -275*g + 3273. Calculate o(12).
-27
Let p(m) = 2*m**3 + 13*m**2 - 26. Calculate p(-6).
10
Let k(c) = -2*c**3 - 56*c**2 + 70*c + 341. Give k(-29).
-7
Let c(u) = -u**3 - 71*u**2 + 141*u - 399. Calculate c(-73).
-34
Let n(s) = -2*s**3 + 13*s**2 + 28*s - 13. Calculate n(8).
19
Let l(c) = 3*c + 97. Give l(13).
136
Let q(t) = -8*t**3 + 7*t**2 - 2*t - 1. Give q(1).
-4
Let w(k) = k**2 + 256*k + 4068. Calculate w(-17).
5
Let b(o) = -o**3 + 55*o**2 - 609*o - 62. Give b(40).
-422
Let f(u) = -u**2 - 1080*u + 273906. Determine f(212).
2
Let a(h) = 61*h**2 + 9*h - 10. Give a(1).
60
Let y(j) = 166*j - 103. What is y(1)?
63
Let s(j) = -431*j + 141. What is s(2)?
-721
Let a(d) = d**3 - 30*d**2 - 38*d + 1135. Calculate a(30).
-5
Let h(l) = l**3 - 42*l**2 - l + 38. Calculate h(42).
-4
Let a(r) = 7*r**2 - 74*r + 5. Give a(9).
-94
Let d(u) = 245*u - 36001. Give d(147).
14
Let w(n) = 6*n**2 + 86*n + 40. Calculate w(-15).
100
Let h(a) = -158*a**2 - 1128*a - 168. Determine h(-7).
-14
Let b(o) = 2667*o + 85348. Determine b(-32).
4
Let k(a) = -818*a + 11468. Calculate k(14).
16
Let b(k) = 2*k + 12. What is b(23)?
58
Let o(j) = 154*j + 235. Determine o(-2).
-73
Let b(d) = 4*d**2 - d - 104. Calculate b(12).
460
Let y(g) = -g**3 - 42*g**2 - 81*g - 34. What is y(-40)?
6
Let u(g) = 6*g**2 + 109*g + 28. What is u(-18)?
10
Let j(z) = -5*z**3 + 2*z**2 + 91*z - 173. Calculate j(2).
-23
Let u(x) = x**3 - 5*x**2 - 38*x + 311. Calculate u(8).
199
Let q(z) = 35*z + 198. What is q(-5)?
23
Let c(f) = -16*f - 233. What is c(-34)?
311
Let q(j) = -3*j**3 - 157*j**2 - 489*j + 51. Give q(-49).
2
Let d(z) = -z**3 - 9*z**2 + 58*z + 60. Give d(-13).
-18
Let u(d) = -43*d**3 - 4*d**2 + 23*d + 22. Calculate u(-1).
38
Let y(c) = c**3 + 12*c**2 + 10*c + 126. What is y(-12)?
6
Let x(j) = -19*j**2 - 121*j - 12. Give x(-5).
118
Let o(w) = 4*w**3 - 12*w**2 + 26*w - 12. What is o(5)?
318
Let p(c) = -6*c**2 - 5*c + 14. Give p(3).
-55
Let g(w) = 34*w + 117. Calculate g(-5).
-53
Let l(p) = p**2 - 113*p - 5421. Determine l(-36).
-57
Let b(o) = o**2 - 481*o + 3293. Give b(7).
-25
Let g(w) = 537*w - 2675. Determine g(5).
10
Let f(o) = -3*o**2 + 123*o - 29. Determine f(40).
91
Let f(n) = -2*n**2 - 6*n - 28. What is f(-4)?
-36
Let u(d) = d**2 - 32*d + 159. Calculate u(5).
24
Let y(a) = 2*a**2 - 23*a - 44. What is y(14)?
26
Let l(c) = c**2 + 24*c - 135. What is l(-28)?
-23
Let k(z) = -152*z**2 + 4260*z - 105. Calculate k(28).
7
Let h(o) = -7*o**2 - 99*o + 979. Determine h(9).
-479
Let m(y) = 101*y**2 + 12827*y. Calculate m(-127).
0
Let v(q) = -58*q - 2827. Give v(-48).
-43
Let l(q) = -q**2 + 34*q + 72. What is l(36)?
0
Let b(c) = 6*c**3 - 15*c**2 + 37*c - 45. Give b(2).
17
Let i(s) = s**3 - 3*s**2 - 46*s + 129. Give i(5).
-51
Let n(z) = -19*z**2 + 4*z + 3. Give n(-1).
-20
Let v(q) = q**3 + 14*q**2 + 100*q + 913. What is v(-12)?
1
Let f(a) = 18*a + 99. Calculate f(-14).
-153
Let i(j) = 2*j**2 + 45*j - 208. Give i(5).
67
Let i(v) = -2*v**2 - 93*v - 1061. What is i(-24)?
19
Let z(t) = -13*t + 64. Give z(-6).
142
Let m(u) = -244*u + 198. Determine m(1).
-46
Let p(l) = -l**2 - 908*l - 5451. What is p(-6)?
-39
Let h(z) = -29*z**3 + 7*z**2 - z - 2. What is h(-2)?
260
Let t(w) = w**2 + 44*w + 209. Determine t(-27).
-250
Let f(w) = -1863*w + 5570. Give f(3).
-19
Let k(m) = -3*m**2 - 1243*m + 7565. Calculate k(6).
-1
Let h(r) = 112*r - 1008. What is h(9)?
0
Let m(i) = i**3 - 9*i**2 + 197*i - 1776. Give m(9).
-3
Let n(k) = 15*k**2 - 217*k + 7. Give n(16).
375
Let z(p) = p**3 + 8*p**2 - 62*p - 119. What is z(-7)?
364
Let g(j) = 30*j - 9. Give g(0).
-9
Let g(u) = 3900*u - 11707. Calculate g(3).
-7
Let h(k) = k**2 - 2*k - 20. Determine h(6).
4
Let x(n) = n**3 - 27*n**2 - 33*n + 179. Determine x(28).
39
Let g(z) = 72*z + 181. Calculate g(-6).
-251
Let q(c) = 2*c**3 - 74*c**2 + 145*c - 1. What is q(2)?
9
Let o(v) = -133*v - 652. Calculate o(-5).
13
Let u(s) = 270*s - 1078. Calculate u(4).
2
Let u(v) = -76*v**3 - 2*v - 3. Give u(-1).
75
Let g(p) = -10*p**2 - 446*p + 250. Give g(-45).
70
Let x(g) = g**3 - 14*g**2 + 7*g + 114. Give x(14).
212
Let c(l) = l**2 + 32*l - 77. Give c(3).
28
Let p(t) = t**3 - 32*t**2 - 27*t + 51. What is p(33)?
249
Let g(o) = -6*o**2 + 131*o + 136. Give g(23).
-25
Let k(f) = 2*f**2 + 5*f - 34. Calculate k(4).
18
Let h(f) = -f**3 - 40*f**2 - 63*f + 459. What is h(-38)?
-35
Let b(q) = -q**3 + 44*q**2 + 42*q + 9. Determine b(45).
-126
Let g(f) = f**2 - 20*f - 76. Give g(18).
-112
Let x(w) = -1721*w + 51633. What is x(30)?
3
Let n(t) = 8*t**3 - 215*t**2 + 1350*t - 8. Determine n(10).
-8
Let s(t) = -1521*t + 9110. Calculate s(6).
-16
Let m(i) = -i**3 + 7*i**2 + 88*i - 122. Determine m(13).
8
Let s(x) = -242*x + 507. Give s(2).
23
Let l(a) = 75*a**2 + 303*a + 1. Give l(-6).
883
Let f(k) = k**2 - 58*k + 435. What is f(29)?
-406
Let d(v) = -1549*v - 7598. What is d(-5)?
147
Let x(n) = -7*n**3 + 10*n**2 + 243*n + 232. Determine x(-1).
6
Let i(h) = 3*h**3 + 29*h**2 + 24*h + 48. Determine i(-9).
-6
Let j(n) = -13*n**2 + 959*n + 236. Determine j(74).
14
Let l(k) = 3*k**2 - 5*k - 25. Calculate l(6).
53
Let r(l) = l**3 - 15*l**2 + 84*l - 836. Give r(13).
-82
Let f(z) = 54*z + 169. Give f(-3).
7
Let h(i) = 92*i**2 - 1104*i + 30. Determine h(12).
30
Let a(q) = -66*q**3 - 593*q**2 + 11*q + 23. What is a(-9)?
5
Let j(h) = -h**3 - 70*h**2 + 364*h + 4. Give j(5).
-51
Let f(p) = p**3 - 22*p**2 - 46*p - 80. Calculate f(24).
-32
Let h(k) = -112*k + 6159. Give h(55).
-1
Let i(s) = -s**3 - 13*s**2 + 49*s + 12. Determine i(-16).
-4
Let j(d) = 100*d + 105. Determine j(1).
205
Let z(a) = 1532*a - 3061. Calculate z(2).
3
Let f(r) = -r**3 - 9*r**2 - 83*r - 933. Give f(-10).
-3
Let r(c) = -c**3 + 9*c**2 + 100*c - 14. Calculate r(15).
136
Let a(j) = -j**2 - 10*j + 297. Determine a(-18).
153
Let f(w) = -7*w**3 - 27*w**2 - 81*w + 29. Determine f(-3).
218
Let s(u) = u**2 + 22*u + 26. Calculate s(-24).
74
Let h(d) = 9099*d - 54569. What is h(6)?
25
Let i(r) = 1450*r - 3047. Calculate i(2).
-147
Let i(n) = 77*n**2 + 549*n + 99. What is i(-7)?
29
Let x(c) = c**3 